hen 1*(b + -1) + 4 is divided by 3?
0
Let l(j) = -435*j + 1774. Calculate the remainder when 855 is divided by l(4).
5
Let u(s) = -3*s + 41. Let z = 199 - 194. Calculate the remainder when (6/(-9))/(4/(-762)) is divided by u(z).
23
Let r be (4 - (-6)/(-2)) + 2*1. Let x be (129/6)/(r/6). Suppose -q - 3*k = -28, -q + x = 4*k + 10. What is the remainder when q is divided by 4?
1
Suppose 336 = -2*q + 9*q. Let r = -53 + q. Calculate the remainder when 30 is divided by 5/r + 17 + 1.
13
Let k(y) = -6*y - 1. Let j(s) = -9*s + 61. Let v be j(5). What is the remainder when ((-248)/v*2)/(-1) is divided by k(-1)?
1
Let d(t) = t**2 + t + 76. Let r = -85 - -86. Suppose -22 + 6 = -q + 4*h, h - r = 0. What is the remainder when d(0) is divided by q?
16
Let x = -557 - -787. Let y = x - 200. Let r(f) = -30*f - 1. Calculate the remainder when r(-2) is divided by y.
29
Let l(m) = -3*m**3 - 3*m**2 - 9*m - 13. What is the remainder when l(-4) is divided by 42?
41
Let v(h) = -1207*h - 5986. Let x(u) be the third derivative of u**5/60 - u**4/24 - 7*u**3/6 - u**2. Calculate the remainder when v(-5) is divided by x(5).
10
Let w(k) = -2*k**2 - 2*k - 7. Let h(r) = r**3 - 5*r**2 + 2*r + 7. Let x be h(3). Let y be w(x). Let o = y + 66. Calculate the remainder when o is divided by 5.
4
Let i = -111 - -147. Let c = -3219 + 3229. Calculate the remainder when i is divided by c.
6
Suppose -1 = l, -i + 2*l - 1273 = -6*i. What is the remainder when 482 is divided by i?
227
Let x(k) = k - 6. Suppose -4*a = -5*a + 3. Let y(q) = q - 5. Let t(p) = a*x(p) - 4*y(p). Calculate the remainder when 11 is divided by t(0).
1
Suppose -5*f - 11 = -426. Calculate the remainder when 740 + (-1318 + 1330 - (2/2 + 6)) is divided by f.
81
Let g be 3/1*(-2 - 256/(-6)). Let w = g - 64. Let i(p) = p**3 + 3*p**2 - 4*p. What is the remainder when w is divided by i(-3)?
10
Suppose -3*a - 12 + 15 = 0, 0 = -4*p + a + 255. What is the remainder when 378 is divided by p?
58
Suppose -74 = -2*l + 3*o, -2*l + 5*o + 64 = 6. What is the remainder when 29840 is divided by l?
48
Let a(w) = w**3 + 14*w**2 - 14*w + 19. Let g be a(-15). Suppose z = -5*v + 1256, -g*v = -5*z + v + 6250. What is the remainder when z is divided by 114?
111
Let d = 60 + -55. Suppose 5*s + 2*k = -1519, -899 = -0*s + 3*s - d*k. Calculate the remainder when 63 is divided by (-1)/(-6) + s/(-18).
12
Let h be (8/(-3))/((-36)/54). What is the remainder when (11 + 0)*(9 + 51)/h is divided by 29?
20
Suppose 0 = 3*n + 6, -2*l + 329 = -4*n - 469. Let c = l - 342. Calculate the remainder when c is divided by 14.
11
Suppose -2*c - 3 = c, -h - 2*c + 27 = 0. What is the remainder when -16*(-23 - (-2025)/108) is divided by h?
10
Let y be (-1 + 1)/(2*(5 + -4)). Suppose y = -6*u - 8 + 38. Suppose -14 = 2*j + u*o - 101, 4*o = -j + 36. Calculate the remainder when j is divided by 20.
16
Let p be ((0/5)/(-5))/1. Suppose -3*m + 100 = -p*m + 5*h, h = 5*m - 204. Calculate the remainder when 74 is divided by m.
34
Calculate the remainder when 523 is divided by (1*-1)/(99/(-18315)).
153
Let q(l) = -29*l - 1678. What is the remainder when 195 is divided by q(-59)?
30
Let h = 10 + -6. Let j = -46535 + 46580. Calculate the remainder when j is divided by (-2)/h - (-75)/6.
9
What is the remainder when 491 is divided by (-750)/(-18)*3*2?
241
Calculate the remainder when (-151)/((34 - 33) + 4/(-3)) is divided by 118.
99
Let q(u) = u**3 + u**2 + 2*u + 5. Let z be q(0). Suppose z*c = 375 + 70. What is the remainder when c is divided by 13?
11
Suppose 159*s + 43*s - 658722 = 0. What is the remainder when s is divided by 142?
137
Let m = 72 + -67. Suppose 4*b - b + 3*q = 12, -m*b - q = -40. Suppose -6*x - 104 = -10*x. What is the remainder when x is divided by b?
8
Let x(t) = 44*t - 2. Let q be x(19). Suppose -6*n = 132 - q. Calculate the remainder when 3*n/(-3)*(-4)/12 is divided by 10.
9
Let l = 300 - 184. Suppose 92*x = -12*j + 90*x + 134, 37 = 3*j + x. Calculate the remainder when l is divided by j.
6
Let f(s) be the first derivative of s**3/3 - s**2/2 + 7*s - 1. Suppose -9*t + 1020 = 6*t. Calculate the remainder when t is divided by f(6).
31
Let f(d) = -d**3 - 10*d**2 + 50. Let o = 986 - 998. What is the remainder when f(o) is divided by 43?
37
Let f(z) = 3*z + 49. Let i be f(-9). Suppose -4*k + 5*k = 4*x - 7, -3*k - 2*x + 7 = 0. Suppose -g = -k - i. What is the remainder when 112 is divided by g?
20
Suppose 3*n - 449 = 2*s + 33, -3*s + 778 = 5*n. Let j = 55 + -79. What is the remainder when n is divided by j/(-45)*(-10)/4*-30?
38
Let z(f) = 4*f**3 - f. Let s be z(1). Let x be 24/(-36) + (-2 - (-20)/s). Suppose -104 = -x*n + 12. What is the remainder when 84 is divided by n?
26
Suppose -368*f = -3*j - 364*f + 393, 2*j + 4*f = 262. What is the remainder when j is divided by 48?
35
Suppose 0 = -153*k + 233309 - 74243 + 301923. What is the remainder when k is divided by 45?
43
Suppose 3*m + 1880 = 5273. Let f = m - 1118. Let w(z) = z**3 + 4*z**2 - z + 3. What is the remainder when w(3) is divided by f?
11
Let y be (15 + -1)*(18/(-4) - -8). Suppose -348 = -52*o + y*o. What is the remainder when o is divided by 39?
38
Let z = 3510 - 3458. Calculate the remainder when 1143 is divided by z.
51
What is the remainder when (-31 - -35)/((-4)/(-1031)) is divided by 24?
23
Let c(i) = i**3 - 5*i**2 + 24*i + 1. Calculate the remainder when c(7) is divided by (2 - -2) + -1 - -27.
27
Let i(w) = w**3 - 3*w**2 + 260*w - 758. Calculate the remainder when 19489 is divided by i(3).
19
Suppose -20 = -2*c - 8*c. Suppose 5*d = 6*d + 2, 3*p - c*d - 49 = 0. Let a = -192 + 281. What is the remainder when a is divided by p?
14
Let u = 41 + 155. Suppose 14*d - u = 70. What is the remainder when 34 is divided by d?
15
Calculate the remainder when (-18004)/(-20) - (9/(-24) + (-529)/(-920)) is divided by 225.
0
Let u = 149 + -149. Suppose u = -32*a + 2272 + 192. Calculate the remainder when 537 is divided by a.
75
Let v(o) be the first derivative of -163*o**4/4 + 5*o**3/3 + 6*o**2 + 8*o + 45. Calculate the remainder when v(-1) is divided by 5.
4
Suppose 4*i - z = 15, -4*i + 3*z = -7*i + 15. What is the remainder when 44 is divided by 1 - i - (3 - 1 - 16)?
0
Let p = -4 - -6. Suppose -n - 2*n - 3*r = -48, 23 = p*n + 5*r. Let s = n + -15. Calculate the remainder when 5 is divided by s.
1
Let h(v) = -v - 34. Let o(i) = 4*i + 22. Let q be o(-9). Let s be h(q). Let k = s + 101. Calculate the remainder when k is divided by 12.
9
Let a = -60 - -73. Let t = a - -27. Suppose 0 = 2*p + 3*p - t. What is the remainder when 15 is divided by p?
7
Let y = 535 - 379. Suppose -15*x = -18*x + y. What is the remainder when x is divided by 342/24 + (-1)/4?
10
Suppose 4*u + 2*f + 20 = 0, 10 = -15*u + 10*u + 5*f. What is the remainder when 0 - (-1 + 0)*109 is divided by -2*(u + (-12 - -2))?
25
Let l be 173 - ((-2)/19 + (-510)/570). Let x = l + -109. What is the remainder when x is divided by 56?
9
Let r = 2580 - 2565. Let o(c) = -c**3 + 6*c**2 + 13*c - 4. Calculate the remainder when o(6) is divided by r.
14
Let n(g) = g**3 + g**2 + g - 12. Let h be n(0). What is the remainder when 33 is divided by 2/h - (-730)/60?
9
Let g(i) = i**3 - 12*i**2 - 15*i + 18. Let n be g(13). Let c be (-1142)/n + (-1)/(-4). Let z = c - 75. Calculate the remainder when z is divided by 23.
22
Let t be (-484)/(-8) - 9/(-6). What is the remainder when (t/2*2)/2 is divided by 8?
7
Let g = 30 + 4. Let d = g + -34. Suppose -2*m + 3*l = -116, -m + 4*l = -d*m - 63. Calculate the remainder when m is divided by 21.
13
Let h(m) = m**2 - m - 2*m + 20 + m + 11*m. What is the remainder when 59 is divided by h(-9)?
19
Suppose 12*b + 315 + 1533 = 0. Let u be b/(-6)*(-3 + 6). Suppose d + 3*d - 3*z = u, 4*z = d - 29. What is the remainder when 24 is divided by d?
7
Let r be (433 - -1) + (-42 - -36). Let n = -372 + r. What is the remainder when n is divided by 18?
2
Let f = -19008 - -19075. What is the remainder when 8640 is divided by f?
64
Let n = -21638 - -22717. What is the remainder when n is divided by 17?
8
Calculate the remainder when 1024 is divided by (-1)/(-7) + (-1584)/(-84).
17
Let p = 269217 + -269156. Let x(b) = 48*b. What is the remainder when x(5) is divided by p?
57
Suppose 8370 = -35*o + 50*o. Calculate the remainder when o is divided by 137.
1